[INFO] fetching crate noptim 0.1.0...
[INFO] checking noptim-0.1.0 against master#e6e4f7ed1589e03bc2f6c5931c1a72e7947e8682 for beta-170-4
[INFO] extracting crate noptim 0.1.0 into /workspace/builds/worker-0-tc2/source
[INFO] validating manifest of crates.io crate noptim 0.1.0 on toolchain e6e4f7ed1589e03bc2f6c5931c1a72e7947e8682
[INFO] running `Command { std: CARGO_HOME="/workspace/cargo-home" RUSTUP_HOME="/workspace/rustup-home" "/workspace/cargo-home/bin/cargo" "+e6e4f7ed1589e03bc2f6c5931c1a72e7947e8682" "metadata" "--manifest-path" "Cargo.toml" "--no-deps", kill_on_drop: false }`
[INFO] started tweaking crates.io crate noptim 0.1.0
[INFO] finished tweaking crates.io crate noptim 0.1.0
[INFO] tweaked toml for crates.io crate noptim 0.1.0 written to /workspace/builds/worker-0-tc2/source/Cargo.toml
[INFO] running `Command { std: CARGO_HOME="/workspace/cargo-home" RUSTUP_HOME="/workspace/rustup-home" __CARGO_TEST_CHANNEL_OVERRIDE_DO_NOT_USE_THIS="nightly" "/workspace/cargo-home/bin/cargo" "+e6e4f7ed1589e03bc2f6c5931c1a72e7947e8682" "generate-lockfile" "--manifest-path" "Cargo.toml" "-Zno-index-update", kill_on_drop: false }`
[INFO] running `Command { std: CARGO_HOME="/workspace/cargo-home" RUSTUP_HOME="/workspace/rustup-home" "/workspace/cargo-home/bin/cargo" "+e6e4f7ed1589e03bc2f6c5931c1a72e7947e8682" "fetch" "--manifest-path" "Cargo.toml", kill_on_drop: false }`
[INFO] running `Command { std: "docker" "create" "-v" "/var/lib/crater-agent-workspace/builds/worker-0-tc2/target:/opt/rustwide/target:rw,Z" "-v" "/var/lib/crater-agent-workspace/builds/worker-0-tc2/source:/opt/rustwide/workdir:ro,Z" "-v" "/var/lib/crater-agent-workspace/cargo-home:/opt/rustwide/cargo-home:ro,Z" "-v" "/var/lib/crater-agent-workspace/rustup-home:/opt/rustwide/rustup-home:ro,Z" "-e" "SOURCE_DIR=/opt/rustwide/workdir" "-e" "CARGO_TARGET_DIR=/opt/rustwide/target" "-e" "CARGO_HOME=/opt/rustwide/cargo-home" "-e" "RUSTUP_HOME=/opt/rustwide/rustup-home" "-w" "/opt/rustwide/workdir" "-m" "1610612736" "--user" "0:0" "--network" "none" "ghcr.io/rust-lang/crates-build-env/linux@sha256:19e73879b68f455e41552ea35293514db52ea292d993f571636dbffedb77a1ee" "/opt/rustwide/cargo-home/bin/cargo" "+e6e4f7ed1589e03bc2f6c5931c1a72e7947e8682" "metadata" "--no-deps" "--format-version=1", kill_on_drop: false }`
[INFO] [stdout] 0c4e355270e148ff950bc356275471c0b94e284b44a32cadd3fd1b02a404a900
[INFO] running `Command { std: "docker" "start" "-a" "0c4e355270e148ff950bc356275471c0b94e284b44a32cadd3fd1b02a404a900", kill_on_drop: false }`
[INFO] running `Command { std: "docker" "inspect" "0c4e355270e148ff950bc356275471c0b94e284b44a32cadd3fd1b02a404a900", kill_on_drop: false }`
[INFO] running `Command { std: "docker" "rm" "-f" "0c4e355270e148ff950bc356275471c0b94e284b44a32cadd3fd1b02a404a900", kill_on_drop: false }`
[INFO] [stdout] 0c4e355270e148ff950bc356275471c0b94e284b44a32cadd3fd1b02a404a900
[INFO] running `Command { std: "docker" "create" "-v" "/var/lib/crater-agent-workspace/builds/worker-0-tc2/target:/opt/rustwide/target:rw,Z" "-v" "/var/lib/crater-agent-workspace/builds/worker-0-tc2/source:/opt/rustwide/workdir:ro,Z" "-v" "/var/lib/crater-agent-workspace/cargo-home:/opt/rustwide/cargo-home:ro,Z" "-v" "/var/lib/crater-agent-workspace/rustup-home:/opt/rustwide/rustup-home:ro,Z" "-e" "SOURCE_DIR=/opt/rustwide/workdir" "-e" "CARGO_TARGET_DIR=/opt/rustwide/target" "-e" "CARGO_INCREMENTAL=0" "-e" "RUST_BACKTRACE=full" "-e" "RUSTFLAGS=--cap-lints=forbid" "-e" "RUSTDOCFLAGS=--cap-lints=forbid" "-e" "CARGO_HOME=/opt/rustwide/cargo-home" "-e" "RUSTUP_HOME=/opt/rustwide/rustup-home" "-w" "/opt/rustwide/workdir" "-m" "1610612736" "--user" "0:0" "--network" "none" "ghcr.io/rust-lang/crates-build-env/linux@sha256:19e73879b68f455e41552ea35293514db52ea292d993f571636dbffedb77a1ee" "/opt/rustwide/cargo-home/bin/cargo" "+e6e4f7ed1589e03bc2f6c5931c1a72e7947e8682" "check" "--frozen" "--all" "--all-targets" "--message-format=json", kill_on_drop: false }`
[INFO] [stdout] 506702a49c0975546f6c53c38c161c92e8f2581b95c3c4fb6c4fe32d12f975ad
[INFO] running `Command { std: "docker" "start" "-a" "506702a49c0975546f6c53c38c161c92e8f2581b95c3c4fb6c4fe32d12f975ad", kill_on_drop: false }`
[INFO] [stderr]    Compiling num-traits v0.2.15
[INFO] [stderr]    Compiling num-integer v0.1.45
[INFO] [stderr]     Checking bytemuck v1.13.1
[INFO] [stderr]    Compiling paste v1.0.12
[INFO] [stderr]    Compiling syn v1.0.109
[INFO] [stderr]    Compiling num-rational v0.4.1
[INFO] [stderr]    Compiling matrixmultiply v0.3.7
[INFO] [stderr]     Checking safe_arch v0.6.0
[INFO] [stderr]     Checking wide v0.7.9
[INFO] [stderr]     Checking approx v0.5.1
[INFO] [stderr]     Checking num-complex v0.4.3
[INFO] [stderr]     Checking simba v0.8.1
[INFO] [stderr]    Compiling nalgebra-macros v0.2.0
[INFO] [stderr]     Checking nalgebra v0.32.2
[INFO] [stderr]     Checking noptim v0.1.0 (/opt/rustwide/workdir)
[INFO] [stdout] error[E0432]: unresolved imports `na::BaseFloat`, `na::FloatVec`
[INFO] [stdout]  --> src/function/function.rs:1:10
[INFO] [stdout]   |
[INFO] [stdout] 1 | use na::{BaseFloat, FloatVec};
[INFO] [stdout]   |          ^^^^^^^^^  ^^^^^^^^ no `FloatVec` in the root
[INFO] [stdout]   |          |
[INFO] [stdout]   |          no `BaseFloat` in the root
[INFO] [stdout] 
[INFO] [stdout] 
[INFO] [stdout] error[E0432]: unresolved imports `na::BaseFloat`, `na::FloatVec`
[INFO] [stdout]  --> src/function/function.rs:1:10
[INFO] [stdout]   |
[INFO] [stdout] 1 | use na::{BaseFloat, FloatVec};
[INFO] [stdout]   |          ^^^^^^^^^  ^^^^^^^^ no `FloatVec` in the root
[INFO] [stdout]   |          |
[INFO] [stdout]   |          no `BaseFloat` in the root
[INFO] [stdout] 
[INFO] [stdout] 
[INFO] [stdout] error[E0425]: cannot find function `dot` in crate `na`
[INFO] [stdout]   --> src/line_search/conditions.rs:45:33
[INFO] [stdout]    |
[INFO] [stdout] 45 |             f_grad_dot_dir: na::dot(f_grad, search_dir),
[INFO] [stdout]    |                                 ^^^ not found in `na`
[INFO] [stdout] 
[INFO] [stdout] 
[INFO] [stdout] error[E0425]: cannot find function `dot` in crate `na`
[INFO] [stdout]   --> src/line_search/conditions.rs:45:33
[INFO] [stdout]    |
[INFO] [stdout] 45 |             f_grad_dot_dir: na::dot(f_grad, search_dir),
[INFO] [stdout]    |                                 ^^^ not found in `na`
[INFO] [stdout] 
[INFO] [stdout] 
[INFO] [stdout] error[E0425]: cannot find function `dot` in crate `na`
[INFO] [stdout]   --> src/line_search/conditions.rs:59:13
[INFO] [stdout]    |
[INFO] [stdout] 59 |         na::dot(f_next_grad, self.search_dir) >= self.c2 * self.f_grad_dot_dir
[INFO] [stdout]    |             ^^^ not found in `na`
[INFO] [stdout] 
[INFO] [stdout] 
[INFO] [stdout] error[E0425]: cannot find function `dot` in crate `na`
[INFO] [stdout]    --> src/line_search/conditions.rs:107:22
[INFO] [stdout]     |
[INFO] [stdout] 107 |         na::abs(&na::dot(f_next_grad, self.condition.search_dir))
[INFO] [stdout]     |                      ^^^ not found in `na`
[INFO] [stdout] 
[INFO] [stdout] 
[INFO] [stdout] error[E0425]: cannot find function `dot` in crate `na`
[INFO] [stdout]   --> src/line_search/conditions.rs:59:13
[INFO] [stdout]    |
[INFO] [stdout] 59 |         na::dot(f_next_grad, self.search_dir) >= self.c2 * self.f_grad_dot_dir
[INFO] [stdout]    |             ^^^ not found in `na`
[INFO] [stdout] 
[INFO] [stdout] 
[INFO] [stdout] error[E0425]: cannot find function `dot` in crate `na`
[INFO] [stdout]    --> src/line_search/conditions.rs:149:33
[INFO] [stdout]     |
[INFO] [stdout] 149 |             f_grad_dot_dir: na::dot(f_grad, search_dir),
[INFO] [stdout]     |                                 ^^^ not found in `na`
[INFO] [stdout] 
[INFO] [stdout] 
[INFO] [stdout] error[E0425]: cannot find function `dot` in crate `na`
[INFO] [stdout]    --> src/line_search/conditions.rs:107:22
[INFO] [stdout]     |
[INFO] [stdout] 107 |         na::abs(&na::dot(f_next_grad, self.condition.search_dir))
[INFO] [stdout]     |                      ^^^ not found in `na`
[INFO] [stdout] 
[INFO] [stdout] 
[INFO] [stdout] error[E0425]: cannot find function `dot` in crate `na`
[INFO] [stdout]    --> src/line_search/conditions.rs:149:33
[INFO] [stdout]     |
[INFO] [stdout] 149 |             f_grad_dot_dir: na::dot(f_grad, search_dir),
[INFO] [stdout]     |                                 ^^^ not found in `na`
[INFO] [stdout] 
[INFO] [stdout] 
[INFO] [stdout] warning: use of deprecated function `na::abs`: use the inherent method `Matrix::abs` or `ComplexField::abs` instead
[INFO] [stdout]    --> src/line_search/conditions.rs:107:13
[INFO] [stdout]     |
[INFO] [stdout] 107 |         na::abs(&na::dot(f_next_grad, self.condition.search_dir))
[INFO] [stdout]     |             ^^^
[INFO] [stdout]     |
[INFO] [stdout]     = note: `#[warn(deprecated)]` on by default
[INFO] [stdout] 
[INFO] [stdout] 
[INFO] [stdout] warning: use of deprecated function `na::abs`: use the inherent method `Matrix::abs` or `ComplexField::abs` instead
[INFO] [stdout]    --> src/line_search/conditions.rs:107:13
[INFO] [stdout]     |
[INFO] [stdout] 107 |         na::abs(&na::dot(f_next_grad, self.condition.search_dir))
[INFO] [stdout]     |             ^^^
[INFO] [stdout]     |
[INFO] [stdout]     = note: `#[warn(deprecated)]` on by default
[INFO] [stdout] 
[INFO] [stdout] 
[INFO] [stdout] warning: use of deprecated function `na::abs`: use the inherent method `Matrix::abs` or `ComplexField::abs` instead
[INFO] [stdout]    --> src/line_search/conditions.rs:108:40
[INFO] [stdout]     |
[INFO] [stdout] 108 |             >= self.condition.c2 * na::abs(&self.condition.f_grad_dot_dir)
[INFO] [stdout]     |                                        ^^^
[INFO] [stdout] 
[INFO] [stdout] 
[INFO] [stdout] warning: use of deprecated function `na::abs`: use the inherent method `Matrix::abs` or `ComplexField::abs` instead
[INFO] [stdout]    --> src/line_search/conditions.rs:108:40
[INFO] [stdout]     |
[INFO] [stdout] 108 |             >= self.condition.c2 * na::abs(&self.condition.f_grad_dot_dir)
[INFO] [stdout]     |                                        ^^^
[INFO] [stdout] 
[INFO] [stdout] 
[INFO] [stdout] error: aborting due to 5 previous errors; 2 warnings emitted
[INFO] [stdout] 
[INFO] [stdout] 
[INFO] [stdout] Some errors have detailed explanations: E0425, E0432.
[INFO] [stdout] 
[INFO] [stdout] For more information about an error, try `rustc --explain E0425`.
[INFO] [stdout] 
[INFO] [stdout] error: aborting due to 5 previous errors; 2 warnings emitted
[INFO] [stdout] 
[INFO] [stdout] 
[INFO] [stdout] Some errors have detailed explanations: E0425, E0432.
[INFO] [stdout] 
[INFO] [stdout] For more information about an error, try `rustc --explain E0425`.
[INFO] [stdout] 
[INFO] [stderr] error: could not compile `noptim` (lib) due to 6 previous errors; 2 warnings emitted
[INFO] [stderr] warning: build failed, waiting for other jobs to finish...
[INFO] [stderr] error: could not compile `noptim` (lib test) due to 6 previous errors; 2 warnings emitted
[INFO] running `Command { std: "docker" "inspect" "506702a49c0975546f6c53c38c161c92e8f2581b95c3c4fb6c4fe32d12f975ad", kill_on_drop: false }`
[INFO] running `Command { std: "docker" "rm" "-f" "506702a49c0975546f6c53c38c161c92e8f2581b95c3c4fb6c4fe32d12f975ad", kill_on_drop: false }`
[INFO] [stdout] 506702a49c0975546f6c53c38c161c92e8f2581b95c3c4fb6c4fe32d12f975ad
